the prime factors of f(x).
7, 73
Let s(i) = 80*i**2 - 2864*i + 17177. What are the prime factors of s(6)?
13, 17
Let j(d) = -7*d**2 - 19*d - 23. Let l(a) = 20*a**2 + 56*a + 68. Let z = -38 + 32. Let s(q) = z*l(q) - 17*j(q). What are the prime factors of s(-8)?
23
Let k = 46783 + -25969. List the prime factors of k.
2, 3, 3469
Let j(a) = -a**3 - 2*a**2 - a - 1. Let f(m) = -3*m**3 - 10*m**2 - m + 197. Let r(z) = f(z) - 4*j(z). What are the prime factors of r(0)?
3, 67
Let z be ((-3)/(15/116))/((-64)/160). Let q = 64 - z. What are the prime factors of (q/(-9))/(-2)*99?
3, 11
Let o be 1 + 0*4/28. Let p(j) = 590*j**2 - 5*j + 5. What are the prime factors of p(o)?
2, 5, 59
Let u = 414 + -411. Suppose -r = u - 931. What are the prime factors of r?
2, 29
Suppose 2*i + 20 = -m + 5*m, 4*m - 5*i - 26 = 0. Suppose m*a - 1458 = 10*a. Let u = a + 403. What are the prime factors of u?
2, 5
Let m be 4*((-28)/14 + 3/2). List the prime factors of (84/(-15))/(m/155).
2, 7, 31
Suppose -155*b - 150647 = -157*b - 3*w, 0 = -5*b - 5*w + 376640. What are the prime factors of b?
75337
Let f be 90/126 - 2/(-7). Suppose 3*s - f = -4*g + 19, 0 = 3*g + 2*s - 14. Suppose 4*z - 28 = -5*y, 0 = -z - z - g*y + 16. List the prime factors of z.
2, 3
Let j = 664 + -665. List the prime factors of (10/40)/(j/(-2))*3002.
19, 79
Let x = -385 + 121. Let f = -133 - x. List the prime factors of f.
131
Let d = 3326 - -847. List the prime factors of d.
3, 13, 107
List the prime factors of (5/(-15))/(14/(-94542)).
2251
Suppose -10470 = a - 32287. List the prime factors of a.
21817
Let k(c) = -c**3 + 34*c**2 + 68*c - 994. What are the prime factors of k(29)?
71, 73
List the prime factors of (10 - 82)/8 - -6134.
5, 7
Let v be 2 - 157*3/(-3 + 0). Let q = v + -50. List the prime factors of q.
109
Let t = -6 - -16. Let i be 1*t*18 + 5. Suppose 235 = 3*v - i. List the prime factors of v.
2, 5, 7
Let n(j) = -j**3 - 10*j**2 - 10*j - 3. Let g be n(-9). Let u(h) = -5*h + 21. Let f be u(g). List the prime factors of -4*41*f/12*1.
3, 41
List the prime factors of 3 - -1496 - (-418)/(-22).
2, 5, 37
Let i(n) = -n**3 - 19*n**2 - 59*n + 332. What are the prime factors of i(-29)?
10453
Suppose 104224 = 5*n + f, 2*n - 63*f - 41695 = -64*f. List the prime factors of n.
19, 1097
List the prime factors of 4447 + -144 - (4/(-1) - -13)*-1.
2, 7, 11
Let z(f) = -5692*f + 773. What are the prime factors of z(-8)?
46309
What are the prime factors of (-1)/(180/(-40)) + 1404453/27?
3, 7, 2477
Suppose -p - 3839 = 463. List the prime factors of 2/14 + (0 - p/21).
5, 41
Suppose -26 = 5*k - 36, 0 = 4*d + 2*k - 32. Let u(f) = 28*f**2 - 3*f + 37. List the prime factors of u(d).
2, 347
Suppose 4 = 2*f - 4*u, 0 = 2*f - 5*u - 0 - 1. Let o be f/(-4) - (2 - 34). Suppose o*v = 33*v - 261. List the prime factors of v.
3, 29
Suppose 0 = -q + 4*x + 2, 3*x - x = q - 2. Let f(i) = -2 - 3*i**3 + 2 - 10*i - 7 - q*i**2 - 4*i**2. List the prime factors of f(-4).
3, 43
Suppose 5*t = 5*i, -5*t = -14*i + 15*i - 30. Suppose 0 = 4*a - 8, -o + i*o + a - 3734 = 0. List the prime factors of o.
3, 311
Suppose 0 = 2*u - 5*s + 65, 4*s = 2*s + 2. Let x = u + 47. Suppose -o = 4*h - 84, 5*h + 3 = -x. List the prime factors of o.
2, 5
Let c(y) = y**3 - 11*y**2 - 11*y + 24. Let b(s) = 2*s**3 + 6*s**2 - 7*s - 3. Let n be b(3). Suppose -5*m = -12*m + n. List the prime factors of c(m).
2, 3
Suppose 5*y + 2*q = -887 - 261, -12 = 3*q. Let z = y - -389. List the prime factors of z.
7, 23
Suppose 2 = -q + 4*m - 0, 3*m - 18 = -2*q. Let x(g) = -17*g**3 - q*g + 7 + 18*g**3 + 5 + 7*g**2. What are the prime factors of x(-5)?
2, 23
Let g(i) = -2671*i - 2456. What are the prime factors of g(-11)?
3, 5, 359
Let z = 1289 - 899. Suppose -311 = 4*y - 335. Suppose 0*q - y*q = -z. What are the prime factors of q?
5, 13
Let t(s) = s**2 + 35*s + 54. Let l be (6 + 260/(-15))*3. List the prime factors of t(l).
2, 5
Let u(q) = -q**3 - 15*q**2 - 10*q + 58. Let o be u(-14). Suppose -2*c + 3*h - 8*h + 524 = 0, o*c - 5*h = 524. What are the prime factors of c?
2, 131
List the prime factors of 4562/(-16)*-8 + -9.
2, 71
Suppose 5*f - 3*a = 83, 3*f - 7*f + 84 = 2*a. Let j = 24 - f. Suppose 0 = j*r + 19 - 194. What are the prime factors of r?
5, 7
Suppose 0 = -9*b + 11*b - 660. Suppose 5*q = -5*u - b, -3*u - 7*q - 201 = -3*q. Let r = -21 - u. What are the prime factors of r?
2, 3, 7
Let o(w) = 215*w**3 + 2*w**2 - 9*w + 8. Let z be 1/(-3 + (-66)/(-21)) - 6. What are the prime factors of o(z)?
2, 3
Suppose 2*v - 7 = z, 10 = 2*v + 2*z - 4*z. Suppose 4*d - 252 = -v*d. Suppose -4*b - 194 = -2*k, 5*k + b = 388 + d. What are the prime factors of k?
3, 29
Suppose 0*q + 5 = 2*f - 5*q, 2*f - 15 = -5*q. Let i be (f/(10/(-3)))/((-4)/8). Suppose -i*v + 320 = 119. List the prime factors of v.
67
Suppose 3*u - 2*k - 12 = 3, 2*k = -2*u + 10. Suppose -3*l + 1096 = -u*a, -4*a = -4*l - 2*a + 1452. List the prime factors of l.
2, 181
Suppose -14*s + 48400 = 11*s. Suppose 824 = 4*o - 2*x - 726, 5*o = 3*x + s. What are the prime factors of o?
389
Let j(w) = 17*w**2 + 21*w - 12. Let v be j(-9). Suppose -9*o = -15*o + v. What are the prime factors of o?
2, 7
Suppose 12*c + 184*c = -54*c + 4300750. List the prime factors of c.
17203
Let x(t) = 65*t - 5475. What are the prime factors of x(89)?
2, 5, 31
Let o(x) = -x**3 - 17*x**2 + 10*x + 44. Let d be 2/((-12)/(-18)) + -21. What are the prime factors of o(d)?
2, 47
Let n(h) = 7*h**3 - 2*h**2 - h + 2. Let s(v) = -14*v + 239. Let y be s(17). What are the prime factors of n(y)?
2, 3
Let v(k) = -k**3 - 16*k**2 - 18*k - 35. Let h be v(-15). Suppose 0 = -5*q + h*q - 20. Suppose -q*g - 3 = -11. List the prime factors of g.
2
Suppose 0 = -4*q + 3*x + 14, -5*q + 9 = 2*x + 3. Suppose -q*s + 21 = -7. Suppose 270 = -s*i + 17*i. List the prime factors of i.
2, 3, 5
Let i(w) = 89*w**2 + 10*w - 8. What are the prime factors of i(3)?
823
Let b(u) = 10*u**2 + 28*u + 85. What are the prime factors of b(-10)?
5, 7, 23
Let a(i) = 6*i**2 + 9*i + 18. Let x(b) = -18*b**2 - 26*b - 55. Let l(g) = -8*a(g) - 3*x(g). Let s be l(-6). Let o = -44 + s. What are the prime factors of o?
157
Let c(s) = s - 5. Let x be c(11). Suppose 0 = 15*u + 85 + 35. What are the prime factors of 174/(2 + u/x)?
3, 29
Let b = 619 - -1183. Let o = 2538 - b. List the prime factors of o.
2, 23
Let s(u) = 25*u - 34. Suppose 15*d - 41 - 19 = 0. What are the prime factors of s(d)?
2, 3, 11
Let s = -43 + 77. Let p = 57 - s. Let l = 18 + p. List the prime factors of l.
41
Let n = -139 + 1547. Suppose 0*a - l - n = -2*a, -5*a - 4*l + 3520 = 0. List the prime factors of a.
2, 11
Let p(m) be the first derivative of -61*m**2/2 + 1488*m - 21. What are the prime factors of p(0)?
2, 3, 31
Let b(a) = a**2 - 6*a + 7. Let w be b(5). List the prime factors of (-385)/(-10)*w*(-60)/(-14).
2, 3, 5, 11
Suppose -6*u + 2718 + 1110 = 0. Let h = -450 + u. Let t = h + -128. List the prime factors of t.
2, 3, 5
Suppose 6*k - 11*k = 1380. Suppose m = -r + 464, 4*r + m - 1860 = -4*m. Let x = k + r. List the prime factors of x.
2, 23
Suppose 111*m - 3*t = 113*m - 23082, 0 = 3*m + t - 34602. List the prime factors of m.
2, 3, 31
Suppose 0 = -v + 32 + 16. Let z = -44 + v. Suppose -z*s - 4*l = -0*s - 364, -4*l = 2*s - 174. What are the prime factors of s?
5, 19
Let i = 17214 - 9484. Suppose p = 11*p - i. List the prime factors of p.
773
Let v(k) = -5*k**3 + 54*k**2 - 10*k + 53. Let i(g) = -9*g**3 + 109*g**2 - 22*g + 107. Let u(p) = 3*i(p) - 5*v(p). List the prime factors of u(28).
2, 7
Suppose 2*t - 5755 = -8*n + 5*n, 0 = -3*t - n + 8622. Suppose 2*c + g - 1151 = -0*g, 0 = -5*c - 4*g + t. List the prime factors of c.
577
Suppose 23*u - 5*y = 24*u - 8040, 2*u - 16098 = -4*y. List the prime factors of u.
3, 5, 179
Suppose -119 = -2*v - 117. Suppose -2*x + 7 = 1. Let q = x - v. What are the prime factors of q?
2
Suppose 290875 - 977011 = -24*q. What are the prime factors of q?
11, 23, 113
Suppose 398*h - 412*h + 211834 = 0. What are the prime factors of h?
15131
Let s be (-2)/(5/((-5)/(-4)))*18. Let k be 2/(-4)*36/s. Suppose -3*n = -10 - k. List the prime factors of n.
2
Suppose 12*o = 78464 + 129532. What are the prime factors of o?
17333
Let l = -3597 + 7320. List the prime factors of l.
3, 17, 73
Suppose 20*h - 12 = 16*h. Suppose 2*v - h*f = -